{"id":51866,"date":"2026-09-06T10:06:07","date_gmt":"2026-09-06T08:06:07","guid":{"rendered":"https:\/\/www.yaelandthebags.com\/sv_se\/produkt\/renee-faglar\/"},"modified":"2026-09-06T10:06:14","modified_gmt":"2026-09-06T08:06:14","slug":"renee-faglar","status":"publish","type":"product","link":"https:\/\/www.yaelandthebags.com\/en\/product\/renee-faglar\/","title":{"rendered":"Ren\u00e9e &#8211; f\u00e5glar"},"content":{"rendered":"<p><span data-contrast=\"none\" style=\"padding: 0px;margin: 0px\">Det h\u00e4r \u00e4r v\u00e4skan du beh\u00f6ver f\u00f6r att f\u00e5&nbsp;plats med allt det v\u00e4sentliga plus ett litet stickprojekt&nbsp;<\/span><\/p>\n<ul style=\"padding: 0px;margin: 0px 0px 15px 20px;font-family: Forum, sans-serif;font-size: 19px;font-style: normal;font-weight: 400;letter-spacing: normal;text-align: start;text-indent: 0px;text-transform: none;white-space: normal;word-spacing: 0px\">\n<li data-leveltext=\"\u2022\" data-font=\"Helvetica\" data-listid=\"2\" data-list-defn-props=\"{\" data-aria-posinset=\"3\" data-aria-level=\"1\" style=\"padding: 0px;margin: 0px\" class=\"translation-block\">Approx 30 cm high, 35 cm wide<\/li>\n<li data-leveltext=\"\u2022\" data-font=\"Helvetica\" data-listid=\"2\" data-list-defn-props=\"{\" data-aria-posinset=\"3\" data-aria-level=\"1\" style=\"padding: 0px;margin: 0px\" class=\"translation-block\">Long adjustable shoulder strap, 72 cm<\/li>\n<li data-leveltext=\"\u2022\" data-font=\"Helvetica\" data-listid=\"2\" data-list-defn-props=\"{\" data-aria-posinset=\"3\" data-aria-level=\"1\" style=\"padding: 0px;margin: 0px\"><span data-contrast=\"none\" style=\"padding: 0px;margin: 0px\">The bag has one inner pocket with a zipper and one outer pocket with a zipper<\/span><\/li>\n<\/ul>\n<p><span data-contrast=\"none\" style=\"padding: 0px;margin: 0px\">Anv\u00e4nd av mig <\/span>men<span data-contrast=\"none\" style=\"padding: 0px;margin: 0px\"> fortfarande i fint skick<\/span>.<span data-contrast=\"none\" style=\"padding: 0px;margin: 0px\"> Axelremmen \u00e4r helt ny! <\/span><\/p>","protected":false},"excerpt":{"rendered":"<p>Det h\u00e4r \u00e4r v\u00e4skan du beh\u00f6ver f\u00f6r att f\u00e5&nbsp;plats med allt det v\u00e4sentliga plus ett litet stickprojekt&nbsp; Ca 30 cm h\u00f6g och 35 cm bred&nbsp; L\u00e5ng reglerbar axelrem, 72 cm&nbsp; V\u00e4skan har en innerficka med dragkedja och en extra ficka p\u00e5 utsidan med dragkedja Anv\u00e4nd av mig men fortfarande i fint skick. Axelremmen \u00e4r helt&hellip;<\/p>","protected":false},"featured_media":51863,"comment_status":"open","ping_status":"closed","template":"","meta":[],"product_brand":[],"product_cat":[251,40],"product_tag":[],"class_list":["post-51866","product","type-product","status-publish","has-post-thumbnail","product_cat-andrasortering-second-hand-2","product_cat-handvaskor","description-off","first","instock","sale","taxable","shipping-taxable","purchasable","product-type-simple"],"exclude_global_add_ons":[],"addons":[],"_links":{"self":[{"href":"https:\/\/www.yaelandthebags.com\/en\/wp-json\/wp\/v2\/product\/51866","targetHints":{"allow":["GET"]}}],"collection":[{"href":"https:\/\/www.yaelandthebags.com\/en\/wp-json\/wp\/v2\/product"}],"about":[{"href":"https:\/\/www.yaelandthebags.com\/en\/wp-json\/wp\/v2\/types\/product"}],"replies":[{"embeddable":true,"href":"https:\/\/www.yaelandthebags.com\/en\/wp-json\/wp\/v2\/comments?post=51866"}],"version-history":[{"count":0,"href":"https:\/\/www.yaelandthebags.com\/en\/wp-json\/wp\/v2\/product\/51866\/revisions"}],"wp:featuredmedia":[{"embeddable":true,"href":"https:\/\/www.yaelandthebags.com\/en\/wp-json\/wp\/v2\/media\/51863"}],"wp:attachment":[{"href":"https:\/\/www.yaelandthebags.com\/en\/wp-json\/wp\/v2\/media?parent=51866"}],"wp:term":[{"taxonomy":"product_brand","embeddable":true,"href":"https:\/\/www.yaelandthebags.com\/en\/wp-json\/wp\/v2\/product_brand?post=51866"},{"taxonomy":"product_cat","embeddable":true,"href":"https:\/\/www.yaelandthebags.com\/en\/wp-json\/wp\/v2\/product_cat?post=51866"},{"taxonomy":"product_tag","embeddable":true,"href":"https:\/\/www.yaelandthebags.com\/en\/wp-json\/wp\/v2\/product_tag?post=51866"}],"curies":[{"name":"wp","href":"https:\/\/api.w.org\/{rel}","templated":true}]}}

Renée &#8211; fåglar

<p><span data-contrast="none" style="padding: 0px;margin: 0px">Det här är väskan du behöver för att få&nbsp;plats med allt det väsentliga plus ett litet stickprojekt&nbsp;</span></p>
<ul style="padding: 0px;margin: 0px 0px 15px 20px;font-family: Forum, sans-serif;font-size: 19px;font-style: normal;font-weight: 400;letter-spacing: normal;text-align: start;text-indent: 0px;text-transform: none;white-space: normal;word-spacing: 0px">
<li data-leveltext="•" data-font="Helvetica" data-listid="2" data-list-defn-props="{" data-aria-posinset="3" data-aria-level="1" style="padding: 0px;margin: 0px" class="translation-block">Approx 30 cm high, 35 cm wide</li>
<li data-leveltext="•" data-font="Helvetica" data-listid="2" data-list-defn-props="{" data-aria-posinset="3" data-aria-level="1" style="padding: 0px;margin: 0px" class="translation-block">Long adjustable shoulder strap, 72 cm</li>
<li data-leveltext="•" data-font="Helvetica" data-listid="2" data-list-defn-props="{" data-aria-posinset="3" data-aria-level="1" style="padding: 0px;margin: 0px"><span data-contrast="none" style="padding: 0px;margin: 0px">The bag has one inner pocket with a zipper and one outer pocket with a zipper</span></li>
</ul>
<p><span data-contrast="none" style="padding: 0px;margin: 0px">Använd av mig </span>men<span data-contrast="none" style="padding: 0px;margin: 0px"> fortfarande i fint skick</span>.<span data-contrast="none" style="padding: 0px;margin: 0px"> Axelremmen är helt ny! </span></p>

<p>Det här är väskan du behöver för att få&nbsp;plats med allt det väsentliga plus ett litet stickprojekt&nbsp; Ca 30 cm hög och 35 cm bred&nbsp; Lång reglerbar axelrem, 72 cm&nbsp; Väskan har en innerficka med dragkedja och en extra ficka på utsidan med dragkedja Använd av mig men fortfarande i fint skick. Axelremmen är helt&hellip;</p>
