{"id":51123,"date":"2026-03-13T11:07:28","date_gmt":"2026-03-13T10:07:28","guid":{"rendered":"https:\/\/www.yaelandthebags.com\/sv_se\/?post_type=product&#038;p=51123"},"modified":"2026-03-13T11:24:39","modified_gmt":"2026-03-13T10:24:39","slug":"renee-allmoge-2-3","status":"publish","type":"product","link":"https:\/\/www.yaelandthebags.com\/sv_se\/produkt\/renee-allmoge-2-3\/","title":{"rendered":"Ren\u00e9e &#8211; stor med 2 dragkedjor"},"content":{"rendered":"<p>&nbsp;<\/p>\n<ul>\n<li><span data-contrast=\"none\">Det h<\/span><span data-contrast=\"none\">\u00e4r \u00e4r v\u00e4<\/span><span data-contrast=\"none\">skan du beh\u00f6<\/span><span data-contrast=\"none\">ver f<\/span><span data-contrast=\"none\">\u00f6r att f<\/span><span data-contrast=\"none\">\u00e5 <\/span><span data-contrast=\"none\">plats med allt det v<\/span><span data-contrast=\"none\">\u00e4<\/span><span data-contrast=\"none\">sentliga<\/span><\/li>\n<li><span data-contrast=\"none\">Ca 35 cm <\/span><span data-contrast=\"none\">bred och 33 cm h\u00f6g, med en innerficka med dragkedja, en ytterficka med dragkedja, fodrad och st\u00e4rkt med mellanl\u00e4gg<\/span><\/li>\n<li><span data-contrast=\"none\">L<\/span><span data-contrast=\"none\">\u00e5<\/span><span data-contrast=\"none\">ng reglerbar axelrem, 72 cm<\/span><\/li>\n<li><span data-contrast=\"none\">Alla tyger \u00e4r \u00e5terbrukade <\/span><\/li>\n<\/ul>\n","protected":false},"excerpt":{"rendered":"<p>Stor handv\u00e4ska\/Projektv\u00e4ska<\/p>\n","protected":false},"featured_media":51128,"comment_status":"open","ping_status":"closed","template":"","meta":[],"product_brand":[],"product_cat":[40,20],"product_tag":[],"class_list":{"0":"post-51123","1":"product","2":"type-product","3":"status-publish","4":"has-post-thumbnail","6":"product_cat-handvaskor","7":"product_cat-project-bags","8":"description-off","10":"first","11":"instock","12":"taxable","13":"shipping-taxable","14":"purchasable","15":"product-type-simple"},"exclude_global_add_ons":[],"addons":[],"_links":{"self":[{"href":"https:\/\/www.yaelandthebags.com\/sv_se\/wp-json\/wp\/v2\/product\/51123","targetHints":{"allow":["GET"]}}],"collection":[{"href":"https:\/\/www.yaelandthebags.com\/sv_se\/wp-json\/wp\/v2\/product"}],"about":[{"href":"https:\/\/www.yaelandthebags.com\/sv_se\/wp-json\/wp\/v2\/types\/product"}],"replies":[{"embeddable":true,"href":"https:\/\/www.yaelandthebags.com\/sv_se\/wp-json\/wp\/v2\/comments?post=51123"}],"version-history":[{"count":1,"href":"https:\/\/www.yaelandthebags.com\/sv_se\/wp-json\/wp\/v2\/product\/51123\/revisions"}],"predecessor-version":[{"id":51131,"href":"https:\/\/www.yaelandthebags.com\/sv_se\/wp-json\/wp\/v2\/product\/51123\/revisions\/51131"}],"wp:featuredmedia":[{"embeddable":true,"href":"https:\/\/www.yaelandthebags.com\/sv_se\/wp-json\/wp\/v2\/media\/51128"}],"wp:attachment":[{"href":"https:\/\/www.yaelandthebags.com\/sv_se\/wp-json\/wp\/v2\/media?parent=51123"}],"wp:term":[{"taxonomy":"product_brand","embeddable":true,"href":"https:\/\/www.yaelandthebags.com\/sv_se\/wp-json\/wp\/v2\/product_brand?post=51123"},{"taxonomy":"product_cat","embeddable":true,"href":"https:\/\/www.yaelandthebags.com\/sv_se\/wp-json\/wp\/v2\/product_cat?post=51123"},{"taxonomy":"product_tag","embeddable":true,"href":"https:\/\/www.yaelandthebags.com\/sv_se\/wp-json\/wp\/v2\/product_tag?post=51123"}],"curies":[{"name":"wp","href":"https:\/\/api.w.org\/{rel}","templated":true}]}}

Renée &#8211; stor med 2 dragkedjor

<p>&nbsp;</p>
<ul>
<li><span data-contrast="none">Det h</span><span data-contrast="none">är är vä</span><span data-contrast="none">skan du behö</span><span data-contrast="none">ver f</span><span data-contrast="none">ör att f</span><span data-contrast="none">å </span><span data-contrast="none">plats med allt det v</span><span data-contrast="none">ä</span><span data-contrast="none">sentliga</span></li>
<li><span data-contrast="none">Ca 35 cm </span><span data-contrast="none">bred och 33 cm hög, med en innerficka med dragkedja, en ytterficka med dragkedja, fodrad och stärkt med mellanlägg</span></li>
<li><span data-contrast="none">L</span><span data-contrast="none">å</span><span data-contrast="none">ng reglerbar axelrem, 72 cm</span></li>
<li><span data-contrast="none">Alla tyger är återbrukade </span></li>
</ul>

<p>Stor handväska/Projektväska</p>
