{"id":8889,"date":"2023-09-13T14:17:08","date_gmt":"2023-09-13T12:17:08","guid":{"rendered":"https:\/\/www.yaelandthebags.com\/?post_type=product&#038;p=8889"},"modified":"2024-09-27T14:43:02","modified_gmt":"2024-09-27T12:43:02","slug":"renee-allmoge","status":"publish","type":"product","link":"https:\/\/www.yaelandthebags.com\/sv_se\/produkt\/renee-allmoge\/","title":{"rendered":"Ren\u00e9e &#8211; Allmoge"},"content":{"rendered":"<p>&nbsp;<\/p>\n<ul>\n<li><span data-contrast=\"none\">Det h<\/span><span data-contrast=\"none\">\u00e4r \u00e4r v\u00e4<\/span><span data-contrast=\"none\">skan du beh\u00f6<\/span><span data-contrast=\"none\">ver f<\/span><span data-contrast=\"none\">\u00f6r att f<\/span><span data-contrast=\"none\">\u00e5 <\/span><span data-contrast=\"none\">plats med allt det v<\/span><span data-contrast=\"none\">\u00e4<\/span><span data-contrast=\"none\">sentliga plus ett litet stickprojekt<\/span><\/li>\n<li><span data-contrast=\"none\">Ca 30 cm h<\/span><span data-contrast=\"none\">\u00f6g och 35 cm bred, med en innerficka, fodrad och st\u00e4rkt med mellanl\u00e4gg<\/span><\/li>\n<li><span data-contrast=\"none\">L<\/span><span data-contrast=\"none\">\u00e5<\/span><span data-contrast=\"none\">ng reglerbar axelrem, 72 cm<\/span><\/li>\n<li><span data-contrast=\"none\">Samma modell som v<\/span><span data-contrast=\"none\">\u00e4skan Calomira fast med axelrem<\/span><span data-ccp-props=\"{&quot;134233117&quot;:false,&quot;134233118&quot;:false,&quot;134245417&quot;:true,&quot;134245418&quot;:false,&quot;134245529&quot;:false,&quot;201341983&quot;:0,&quot;335551550&quot;:1,&quot;335551620&quot;:1,&quot;335559737&quot;:0,&quot;335559738&quot;:0,&quot;335559740&quot;:240}\">\u00a0<\/span><\/li>\n<\/ul>\n","protected":false},"excerpt":{"rendered":"<p>Stor handv\u00e4ska\/Projektv\u00e4ska<\/p>\n","protected":false},"featured_media":8867,"comment_status":"open","ping_status":"closed","template":"","meta":[],"product_brand":[],"product_cat":[40,20],"product_tag":[],"class_list":{"0":"post-8889","1":"product","2":"type-product","3":"status-publish","4":"has-post-thumbnail","6":"product_cat-handvaskor","7":"product_cat-project-bags","8":"description-off","10":"first","11":"outofstock","12":"sale","13":"taxable","14":"shipping-taxable","15":"purchasable","16":"product-type-simple"},"exclude_global_add_ons":[],"addons":[],"_links":{"self":[{"href":"https:\/\/www.yaelandthebags.com\/sv_se\/wp-json\/wp\/v2\/product\/8889","targetHints":{"allow":["GET"]}}],"collection":[{"href":"https:\/\/www.yaelandthebags.com\/sv_se\/wp-json\/wp\/v2\/product"}],"about":[{"href":"https:\/\/www.yaelandthebags.com\/sv_se\/wp-json\/wp\/v2\/types\/product"}],"replies":[{"embeddable":true,"href":"https:\/\/www.yaelandthebags.com\/sv_se\/wp-json\/wp\/v2\/comments?post=8889"}],"version-history":[{"count":0,"href":"https:\/\/www.yaelandthebags.com\/sv_se\/wp-json\/wp\/v2\/product\/8889\/revisions"}],"wp:featuredmedia":[{"embeddable":true,"href":"https:\/\/www.yaelandthebags.com\/sv_se\/wp-json\/wp\/v2\/media\/8867"}],"wp:attachment":[{"href":"https:\/\/www.yaelandthebags.com\/sv_se\/wp-json\/wp\/v2\/media?parent=8889"}],"wp:term":[{"taxonomy":"product_brand","embeddable":true,"href":"https:\/\/www.yaelandthebags.com\/sv_se\/wp-json\/wp\/v2\/product_brand?post=8889"},{"taxonomy":"product_cat","embeddable":true,"href":"https:\/\/www.yaelandthebags.com\/sv_se\/wp-json\/wp\/v2\/product_cat?post=8889"},{"taxonomy":"product_tag","embeddable":true,"href":"https:\/\/www.yaelandthebags.com\/sv_se\/wp-json\/wp\/v2\/product_tag?post=8889"}],"curies":[{"name":"wp","href":"https:\/\/api.w.org\/{rel}","templated":true}]}}

Renée &#8211; Allmoge

<p>&nbsp;</p>
<ul>
<li><span data-contrast="none">Det h</span><span data-contrast="none">är är vä</span><span data-contrast="none">skan du behö</span><span data-contrast="none">ver f</span><span data-contrast="none">ör att f</span><span data-contrast="none">å </span><span data-contrast="none">plats med allt det v</span><span data-contrast="none">ä</span><span data-contrast="none">sentliga plus ett litet stickprojekt</span></li>
<li><span data-contrast="none">Ca 30 cm h</span><span data-contrast="none">ög och 35 cm bred, med en innerficka, fodrad och stärkt med mellanlägg</span></li>
<li><span data-contrast="none">L</span><span data-contrast="none">å</span><span data-contrast="none">ng reglerbar axelrem, 72 cm</span></li>
<li><span data-contrast="none">Samma modell som v</span><span data-contrast="none">äskan Calomira fast med axelrem</span><span data-ccp-props="{&quot;134233117&quot;:false,&quot;134233118&quot;:false,&quot;134245417&quot;:true,&quot;134245418&quot;:false,&quot;134245529&quot;:false,&quot;201341983&quot;:0,&quot;335551550&quot;:1,&quot;335551620&quot;:1,&quot;335559737&quot;:0,&quot;335559738&quot;:0,&quot;335559740&quot;:240}"> </span></li>
</ul>

<p>Stor handväska/Projektväska</p>
